{"id":33,"date":"2025-09-16T15:00:29","date_gmt":"2025-09-16T15:00:29","guid":{"rendered":"https:\/\/staging.pilgrim-gmbh.de\/?page_id=33"},"modified":"2025-12-05T12:09:09","modified_gmt":"2025-12-05T11:09:09","slug":"maschinenpark","status":"publish","type":"page","link":"https:\/\/staging.pilgrim-gmbh.de\/?page_id=33","title":{"rendered":"Maschinenpark"},"content":{"rendered":"\n<div class=\"wp-block-uagb-container uagb-block-4e956375 alignfull uagb-is-root-container\">\n<h1 class=\"wp-block-heading has-text-align-center\" style=\"border-style:none;border-width:0px\">Hochwertiger Maschinenpark<\/h1>\n<\/div>\n\n\n\n<div class=\"wp-block-uagb-container uagb-block-b8599e6f alignfull uagb-is-root-container\">\n<div class=\"wp-block-uagb-container uagb-block-0ff03695\">\n<p class=\"has-small-font-size\" style=\"font-style:normal;font-weight:500\">Neben unserer Erfahrung macht auch die Qualit\u00e4t der bei uns eingesetzten Maschinen einen Unterschied: So sind wir zum Beispiel mit dem hochdynamischen Bearbeitungszentrum DEPO HF 1212 in Gantry-Bauweise in der Lage, zahlreiche Fertigungstechniken schnell und in h\u00f6chster Pr\u00e4zision f\u00fcr Sie einzusetzen.<br><br>Bei einem Werkst\u00fcckgewicht bis zu 12.000 kg.<\/p>\n\n\n\n<div class=\"wp-block-uagb-marketing-button uagb-marketing-btn__align-center uagb-marketing-btn__align-text-center uagb-marketing-btn__icon-before uagb-block-bd083c8a wp-block-button\"><a href=\"https:\/\/staging.pilgrim-gmbh.de\/wp-content\/uploads\/2025\/11\/Paul-Pilgrim-GmbH-Maschinenaufstellung.pdf\" class=\"uagb-marketing-btn__link wp-block-button__link\" target=\"_blank\" rel=\"noopener noreferrer\"><svg xmlns=\"https:\/\/www.w3.org\/2000\/svg\" viewBox=\"0 0 384 512\"><path d=\"M88 304H80V256H88C101.3 256 112 266.7 112 280C112 293.3 101.3 304 88 304zM192 256H200C208.8 256 216 263.2 216 272V336C216 344.8 208.8 352 200 352H192V256zM224 0V128C224 145.7 238.3 160 256 160H384V448C384 483.3 355.3 512 320 512H64C28.65 512 0 483.3 0 448V64C0 28.65 28.65 0 64 0H224zM64 224C55.16 224 48 231.2 48 240V368C48 376.8 55.16 384 64 384C72.84 384 80 376.8 80 368V336H88C118.9 336 144 310.9 144 280C144 249.1 118.9 224 88 224H64zM160 368C160 376.8 167.2 384 176 384H200C226.5 384 248 362.5 248 336V272C248 245.5 226.5 224 200 224H176C167.2 224 160 231.2 160 240V368zM288 224C279.2 224 272 231.2 272 240V368C272 376.8 279.2 384 288 384C296.8 384 304 376.8 304 368V320H336C344.8 320 352 312.8 352 304C352 295.2 344.8 288 336 288H304V256H336C344.8 256 352 248.8 352 240C352 231.2 344.8 224 336 224H288zM256 0L384 128H256V0z\"><\/path><\/svg><p class=\"uagb-marketing-btn__title\">Infos zum Maschinenpark<\/p><\/a><\/div>\n<\/div>\n\n\n\n<div class=\"wp-block-uagb-image aligncenter uagb-block-d21a26e9 wp-block-uagb-image--layout-default wp-block-uagb-image--effect-static wp-block-uagb-image--align-center\"><figure class=\"wp-block-uagb-image__figure\"><img loading=\"lazy\" decoding=\"async\" srcset=\"https:\/\/staging.pilgrim-gmbh.de\/wp-content\/uploads\/2025\/11\/pilgrim_body_maschinenpark.png ,https:\/\/staging.pilgrim-gmbh.de\/wp-content\/uploads\/2025\/11\/pilgrim_body_maschinenpark.png 780w, https:\/\/staging.pilgrim-gmbh.de\/wp-content\/uploads\/2025\/11\/pilgrim_body_maschinenpark.png 360w\" sizes=\"auto, (max-width: 480px) 150px\" src=\"https:\/\/staging.pilgrim-gmbh.de\/wp-content\/uploads\/2025\/11\/pilgrim_body_maschinenpark.png\" alt=\"\" class=\"uag-image-323\" width=\"350\" height=\"250\" title=\"pilgrim_body_maschinenpark\" role=\"img\"\/><\/figure><\/div>\n<\/div>\n","protected":false},"excerpt":{"rendered":"<p>Hochwertiger Maschinenpark Neben unserer Erfahrung macht auch die Qualit\u00e4t der bei uns eingesetzten Maschinen einen Unterschied: So sind wir zum Beispiel mit dem hochdynamischen Bearbeitungszentrum DEPO HF 1212 in Gantry-Bauweise in der Lage, zahlreiche Fertigungstechniken schnell und in h\u00f6chster Pr\u00e4zision f\u00fcr Sie einzusetzen. Bei einem Werkst\u00fcckgewicht bis zu 12.000 kg.<\/p>\n","protected":false},"author":2,"featured_media":0,"parent":0,"menu_order":0,"comment_status":"closed","ping_status":"closed","template":"","meta":{"_uag_custom_page_level_css":"","_swt_meta_header_display":false,"_swt_meta_footer_display":false,"_swt_meta_site_title_display":false,"_swt_meta_sticky_header":false,"_swt_meta_transparent_header":false,"footnotes":""},"class_list":["post-33","page","type-page","status-publish","hentry"],"uagb_featured_image_src":{"full":false,"thumbnail":false,"medium":false,"medium_large":false,"large":false,"1536x1536":false,"2048x2048":false},"uagb_author_info":{"display_name":"Sascha Pieper","author_link":"https:\/\/staging.pilgrim-gmbh.de\/?author=2"},"uagb_comment_info":0,"uagb_excerpt":"Hochwertiger Maschinenpark Neben unserer Erfahrung macht auch die Qualit\u00e4t der bei uns eingesetzten Maschinen einen Unterschied: So sind wir zum Beispiel mit dem hochdynamischen Bearbeitungszentrum DEPO HF 1212 in Gantry-Bauweise in der Lage, zahlreiche Fertigungstechniken schnell und in h\u00f6chster Pr\u00e4zision f\u00fcr Sie einzusetzen. Bei einem Werkst\u00fcckgewicht bis zu 12.000 kg.","_links":{"self":[{"href":"https:\/\/staging.pilgrim-gmbh.de\/index.php?rest_route=\/wp\/v2\/pages\/33","targetHints":{"allow":["GET"]}}],"collection":[{"href":"https:\/\/staging.pilgrim-gmbh.de\/index.php?rest_route=\/wp\/v2\/pages"}],"about":[{"href":"https:\/\/staging.pilgrim-gmbh.de\/index.php?rest_route=\/wp\/v2\/types\/page"}],"author":[{"embeddable":true,"href":"https:\/\/staging.pilgrim-gmbh.de\/index.php?rest_route=\/wp\/v2\/users\/2"}],"replies":[{"embeddable":true,"href":"https:\/\/staging.pilgrim-gmbh.de\/index.php?rest_route=%2Fwp%2Fv2%2Fcomments&post=33"}],"version-history":[{"count":15,"href":"https:\/\/staging.pilgrim-gmbh.de\/index.php?rest_route=\/wp\/v2\/pages\/33\/revisions"}],"predecessor-version":[{"id":592,"href":"https:\/\/staging.pilgrim-gmbh.de\/index.php?rest_route=\/wp\/v2\/pages\/33\/revisions\/592"}],"wp:attachment":[{"href":"https:\/\/staging.pilgrim-gmbh.de\/index.php?rest_route=%2Fwp%2Fv2%2Fmedia&parent=33"}],"curies":[{"name":"wp","href":"https:\/\/api.w.org\/{rel}","templated":true}]}}