{"id":468,"date":"2025-11-05T15:53:55","date_gmt":"2025-11-05T14:53:55","guid":{"rendered":"https:\/\/staging.pilgrim-gmbh.de\/?page_id=468"},"modified":"2025-12-05T11:50:26","modified_gmt":"2025-12-05T10:50:26","slug":"verzahnen","status":"publish","type":"page","link":"https:\/\/staging.pilgrim-gmbh.de\/?page_id=468","title":{"rendered":"Verzahnen"},"content":{"rendered":"\n<div class=\"wp-block-uagb-container uagb-block-b7b17e76 alignfull uagb-is-root-container\">\n<h1 class=\"wp-block-heading has-text-align-center\" style=\"border-style:none;border-width:0px\">Verzahnen<\/h1>\n<\/div>\n\n\n\n<div class=\"wp-block-uagb-container uagb-block-cc51e37a alignfull uagb-is-root-container\">\n<div class=\"wp-block-uagb-container uagb-block-8db7bd8c\">\n<p class=\"has-small-font-size\" style=\"font-style:normal;font-weight:500\">Wir z\u00e4hlen zu den f\u00fchrenden Herstellern von spiralverzahnten Kegelr\u00e4dern mit den innovativen Zyklo-Palloid- und Palloid-Verfahren der Firma Klingelnberg. Je nach Anwendungsbereich sowohl in gel\u00e4ppter als auch gesch\u00e4lter (HPG)-Ausf\u00fchrung. Dar\u00fcber fertigen wir die folgenden Verzahnungen.<br><br>\u2022 Gerad- und schr\u00e4gverzahnte Kegelr\u00e4der<br>\u2022 Hirth- Verzahnung<br>\u2022 Innenverzahnungen<br>\u2022 Planverzahnungen<br>\u2022 Schneckenr\u00e4der<br>\u2022 Schneckenwellen<br>\u2022 Schraubenr\u00e4der<br>\u2022 Stirnr\u00e4der<br>\u2022 Zahnr\u00e4der<br>\u2022 Zahn- und Keilwellenprofile<br>\u2022 Zahn- und Keilnabenprofile<br><br>Neben der Fertigung von Einzelteilen und Kleinserien bieten wir auch das Verzahnen von kundenspezifischen Vorfertigungen an, mit Durchmessern bis zu 2 Metern und L\u00e4ngen bis zu 3 Metern. Wir produzieren sowohl nach Kundenzeichnungen als auch auf Basis von Musterteilen.<\/p>\n\n\n\n<div class=\"wp-block-uagb-marketing-button uagb-marketing-btn__align-center uagb-marketing-btn__align-text-center uagb-marketing-btn__icon-before uagb-block-bd083c8a wp-block-button\"><a href=\"https:\/\/staging.pilgrim-gmbh.de\/wp-content\/uploads\/2025\/11\/Paul-Pilgrim-GmbH-Fertigungsmoeglichkeiten.pdf\" class=\"uagb-marketing-btn__link wp-block-button__link\" target=\"_blank\" rel=\"noopener noreferrer\"><svg xmlns=\"https:\/\/www.w3.org\/2000\/svg\" viewBox=\"0 0 384 512\"><path d=\"M88 304H80V256H88C101.3 256 112 266.7 112 280C112 293.3 101.3 304 88 304zM192 256H200C208.8 256 216 263.2 216 272V336C216 344.8 208.8 352 200 352H192V256zM224 0V128C224 145.7 238.3 160 256 160H384V448C384 483.3 355.3 512 320 512H64C28.65 512 0 483.3 0 448V64C0 28.65 28.65 0 64 0H224zM64 224C55.16 224 48 231.2 48 240V368C48 376.8 55.16 384 64 384C72.84 384 80 376.8 80 368V336H88C118.9 336 144 310.9 144 280C144 249.1 118.9 224 88 224H64zM160 368C160 376.8 167.2 384 176 384H200C226.5 384 248 362.5 248 336V272C248 245.5 226.5 224 200 224H176C167.2 224 160 231.2 160 240V368zM288 224C279.2 224 272 231.2 272 240V368C272 376.8 279.2 384 288 384C296.8 384 304 376.8 304 368V320H336C344.8 320 352 312.8 352 304C352 295.2 344.8 288 336 288H304V256H336C344.8 256 352 248.8 352 240C352 231.2 344.8 224 336 224H288zM256 0L384 128H256V0z\"><\/path><\/svg><p class=\"uagb-marketing-btn__title\">Weitere Infos<\/p><\/a><\/div>\n<\/div>\n\n\n\n<div class=\"wp-block-uagb-container uagb-block-d139fe09\">\n<div class=\"wp-block-uagb-image aligncenter uagb-block-121deaa3 wp-block-uagb-image--layout-default wp-block-uagb-image--effect-static wp-block-uagb-image--align-center\"><figure class=\"wp-block-uagb-image__figure\"><img loading=\"lazy\" decoding=\"async\" srcset=\"https:\/\/staging.pilgrim-gmbh.de\/wp-content\/uploads\/2025\/11\/pilgrim_body_verzahnung01.png ,https:\/\/staging.pilgrim-gmbh.de\/wp-content\/uploads\/2025\/11\/pilgrim_body_verzahnung01.png 780w, https:\/\/staging.pilgrim-gmbh.de\/wp-content\/uploads\/2025\/11\/pilgrim_body_verzahnung01.png 360w\" sizes=\"auto, (max-width: 480px) 150px\" src=\"https:\/\/staging.pilgrim-gmbh.de\/wp-content\/uploads\/2025\/11\/pilgrim_body_verzahnung01.png\" alt=\"\" class=\"uag-image-469\" width=\"350\" height=\"250\" title=\"pilgrim_body_verzahnung01\" role=\"img\"\/><\/figure><\/div>\n\n\n\n<div class=\"wp-block-uagb-image aligncenter uagb-block-2ebd01ad wp-block-uagb-image--layout-default wp-block-uagb-image--effect-static wp-block-uagb-image--align-center\"><figure class=\"wp-block-uagb-image__figure\"><img loading=\"lazy\" decoding=\"async\" srcset=\"https:\/\/staging.pilgrim-gmbh.de\/wp-content\/uploads\/2025\/11\/pilgrim_body_verzahnung02.png ,https:\/\/staging.pilgrim-gmbh.de\/wp-content\/uploads\/2025\/11\/pilgrim_body_verzahnung02.png 780w, https:\/\/staging.pilgrim-gmbh.de\/wp-content\/uploads\/2025\/11\/pilgrim_body_verzahnung02.png 360w\" sizes=\"auto, (max-width: 480px) 150px\" src=\"https:\/\/staging.pilgrim-gmbh.de\/wp-content\/uploads\/2025\/11\/pilgrim_body_verzahnung02.png\" alt=\"\" class=\"uag-image-470\" width=\"350\" height=\"250\" title=\"pilgrim_body_verzahnung02\" role=\"img\"\/><\/figure><\/div>\n<\/div>\n<\/div>\n\n\n\n<div class=\"wp-block-uagb-container uagb-layout-flex uagb-block-c95b8006 alignfull uagb-is-root-container\">\n<figure class=\"wp-block-table is-style-stripes\"><table class=\"has-fixed-layout\"><thead><tr><th>Verzahnungen<\/th><th>Ma\u00dfe<\/th><\/tr><\/thead><tbody><tr><td>Stirnr\u00e4der &#8211; gerade und schr\u00e4g verzahnt<\/td><td>Modul 0,2-24 bis \u00d8 2000<\/td><\/tr><tr><td>Stirnr\u00e4der &#8211; mit geschliffenen Zahnflanken<\/td><td>Modul 0,5-24 bis \u00d8 1500<\/td><\/tr><tr><td>Schraubenr\u00e4der<\/td><td>bis Modul 24 und bis \u00d8 2000<\/td><\/tr><tr><td>Schneckenr\u00e4der (Schleiflg. 500)<\/td><td>bis Modul 24 und bis \u00d8 400<\/td><\/tr><tr><td>Langgewindespindeln (Fr\u00e4slg. 3000)<\/td><td>bis Fr\u00e4s. \u00d8 400, Umlauf \u00d8 640<\/td><\/tr><tr><td>Kegelr\u00e4der &#8211; schr\u00e4g und gerade verzahnt<\/td><td>bis Modul 10<\/td><\/tr><tr><td>Kegelr\u00e4der &#8211; gerade und schr\u00e4g verzahnt<\/td><td>bis Modul 10<\/td><\/tr><tr><td>Kegelr\u00e4der &#8211; mit Klingelnberg Zyklo-Palloid-Verzahnung in gel\u00e4ppter und HPG-Ausf\u00fchrung<\/td><td>Modul 1,2-16 bis \u00d8 1100<\/td><\/tr><tr><td>Kegelr\u00e4der &#8211; mit Klingelnberg Palloid-Verzahnung in gel\u00e4ppter Ausf\u00fchrung<\/td><td>Modul 1-8 bis ca. \u00d8 650<\/td><\/tr><tr><td>Keilwellen- und Keilnabenprofile<\/td><td>nach DIN 5463 und DIN 5472<\/td><\/tr><tr><td>Zahnwellen und Zahnnabenprofile<\/td><td>nach DIN 5480 und DIN 5482<\/td><\/tr><tr><td>Kerbzahnwellen- und Kerbzahnnabenprofile<\/td><td>nach DIN 5481<\/td><\/tr><tr><td>Zahnwellenprofile<\/td><td>nach DIN 9611<\/td><\/tr><\/tbody><\/table><\/figure>\n<\/div>\n","protected":false},"excerpt":{"rendered":"<p>Verzahnen Wir z\u00e4hlen zu den f\u00fchrenden Herstellern von spiralverzahnten Kegelr\u00e4dern mit den innovativen Zyklo-Palloid- und Palloid-Verfahren der Firma Klingelnberg. Je nach Anwendungsbereich sowohl in gel\u00e4ppter als auch gesch\u00e4lter (HPG)-Ausf\u00fchrung. Dar\u00fcber fertigen wir die folgenden Verzahnungen. \u2022 Gerad- und schr\u00e4gverzahnte Kegelr\u00e4der\u2022 Hirth- Verzahnung\u2022 Innenverzahnungen\u2022 Planverzahnungen\u2022 Schneckenr\u00e4der\u2022 Schneckenwellen\u2022 Schraubenr\u00e4der\u2022 Stirnr\u00e4der\u2022 Zahnr\u00e4der\u2022 Zahn- und Keilwellenprofile\u2022 Zahn- und Keilnabenprofile [&hellip;]<\/p>\n","protected":false},"author":2,"featured_media":0,"parent":0,"menu_order":0,"comment_status":"closed","ping_status":"closed","template":"","meta":{"_uag_custom_page_level_css":"","_swt_meta_header_display":false,"_swt_meta_footer_display":false,"_swt_meta_site_title_display":false,"_swt_meta_sticky_header":false,"_swt_meta_transparent_header":false,"footnotes":""},"class_list":["post-468","page","type-page","status-publish","hentry"],"uagb_featured_image_src":{"full":false,"thumbnail":false,"medium":false,"medium_large":false,"large":false,"1536x1536":false,"2048x2048":false},"uagb_author_info":{"display_name":"Sascha Pieper","author_link":"https:\/\/staging.pilgrim-gmbh.de\/?author=2"},"uagb_comment_info":0,"uagb_excerpt":"Verzahnen Wir z\u00e4hlen zu den f\u00fchrenden Herstellern von spiralverzahnten Kegelr\u00e4dern mit den innovativen Zyklo-Palloid- und Palloid-Verfahren der Firma Klingelnberg. Je nach Anwendungsbereich sowohl in gel\u00e4ppter als auch gesch\u00e4lter (HPG)-Ausf\u00fchrung. Dar\u00fcber fertigen wir die folgenden Verzahnungen. \u2022 Gerad- und schr\u00e4gverzahnte Kegelr\u00e4der\u2022 Hirth- Verzahnung\u2022 Innenverzahnungen\u2022 Planverzahnungen\u2022 Schneckenr\u00e4der\u2022 Schneckenwellen\u2022 Schraubenr\u00e4der\u2022 Stirnr\u00e4der\u2022 Zahnr\u00e4der\u2022 Zahn- und Keilwellenprofile\u2022 Zahn- und Keilnabenprofile&hellip;","_links":{"self":[{"href":"https:\/\/staging.pilgrim-gmbh.de\/index.php?rest_route=\/wp\/v2\/pages\/468","targetHints":{"allow":["GET"]}}],"collection":[{"href":"https:\/\/staging.pilgrim-gmbh.de\/index.php?rest_route=\/wp\/v2\/pages"}],"about":[{"href":"https:\/\/staging.pilgrim-gmbh.de\/index.php?rest_route=\/wp\/v2\/types\/page"}],"author":[{"embeddable":true,"href":"https:\/\/staging.pilgrim-gmbh.de\/index.php?rest_route=\/wp\/v2\/users\/2"}],"replies":[{"embeddable":true,"href":"https:\/\/staging.pilgrim-gmbh.de\/index.php?rest_route=%2Fwp%2Fv2%2Fcomments&post=468"}],"version-history":[{"count":10,"href":"https:\/\/staging.pilgrim-gmbh.de\/index.php?rest_route=\/wp\/v2\/pages\/468\/revisions"}],"predecessor-version":[{"id":583,"href":"https:\/\/staging.pilgrim-gmbh.de\/index.php?rest_route=\/wp\/v2\/pages\/468\/revisions\/583"}],"wp:attachment":[{"href":"https:\/\/staging.pilgrim-gmbh.de\/index.php?rest_route=%2Fwp%2Fv2%2Fmedia&parent=468"}],"curies":[{"name":"wp","href":"https:\/\/api.w.org\/{rel}","templated":true}]}}