{"id":610,"date":"2025-12-09T13:56:28","date_gmt":"2025-12-09T12:56:28","guid":{"rendered":"https:\/\/staging.pilgrim-gmbh.de\/?page_id=610"},"modified":"2025-12-09T15:03:50","modified_gmt":"2025-12-09T14:03:50","slug":"610-2","status":"publish","type":"page","link":"https:\/\/staging.pilgrim-gmbh.de\/?page_id=610","title":{"rendered":"Datenschutzinformation"},"content":{"rendered":"\n<div class=\"wp-block-uagb-container uagb-block-57fe7584 alignfull uagb-is-root-container\"><div class=\"uagb-container-inner-blocks-wrap\">\n<h1 class=\"wp-block-heading has-text-align-center\">Datenschutzinformation<br>f\u00fcr Kunden, Lieferanten, sonstige Gesch\u00e4ftspartner und Interessenten<\/h1>\n<\/div><\/div>\n\n\n\n<div class=\"wp-block-uagb-container uagb-block-c0c85c67 alignfull uagb-is-root-container\"><div class=\"uagb-container-inner-blocks-wrap\">\n<p><strong>Name und Kontaktdaten des Verantwortlichen im Sinne der Datenschutzgrundverordnung:<\/strong><br><br>Paul Pilgrim GmbH &amp; Co. KG<br>Eckendorfer Str. 71<br>D \u2013 33609 Bielefeld<br>Telefon: +49(0)521 323127<br>Fax: +49(0)521 323129<br>E-Mail: info@pilgrim-gmbh.de<br>Website: <a href=\"https:\/\/pilgrim-gmbh.de\/index.html\">Pilgrim-GmbH.de<\/a><br><br>Wir weisen darauf hin, dass wir die von uns bei Lieferanten, Kunden, sonstigen Gesch\u00e4ftspartnern und Interessenten erhobenen personenbezogenen Daten, insbesondere Name, Anschrift, Telefonnummer, Emailadresse, Kontaktdaten von Ansprechpartnern, Kundennummer sowie Bestell- und Lieferdaten zum Zwecke der Anbahnung, der Begr\u00fcndung und Abwicklung von Vertrags- und Lieferverh\u00e4ltnissen, einschlie\u00dflich Lieferung, Zahlung und etwaige Gew\u00e4hrleistung oder Produkthaftung, erfassen, speichern, verarbeiten und nutzen.<br><br>Die Verarbeitung Ihrer Daten erfolgt insoweit auf der Grundlage von Artikel 6 Abs. 1, b Datenschutzgrundverordnung. Ferner erfassen, speichern, verarbeiten und nutzen wir diese Daten zum Zwecke der Pflege der Kunden- bzw. Gesch\u00e4ftsbeziehungen. Die Verarbeitung Ihrer Daten erfolgt insoweit auf der Grundlage von Artikel 6 Abs. 1, f Datenschutzgrund-Verordnung.<br><br>Des Weiteren verarbeiten wir Daten, welche wir unter den gesetzlichen Voraussetzungen von Wirtschaftsauskunfteien erhalten zum Zwecke von Bonit\u00e4tspr\u00fcfung betreffend unsere Lieferanten, Kunden und sonstige Gesch\u00e4ftspartner. Unsere Unternehmen pr\u00fcft regelm\u00e4\u00dfig bei Vertragsabschl\u00fcssen und in bestimmten F\u00e4llen, in denen ein berechtigtes Interesse vorliegt, Ihre Bonit\u00e4t. Dazu arbeiten wir mit der Creditreform Bielefeld Riegel &amp; Unger KG, Sunderweg 3, 33649 Bielefeld, zusammen, von der wir die dazu ben\u00f6tigten Daten erhalten. Zu diesem Zweck \u00fcbermitteln wir Ihren Namen und Ihre Kontaktdaten an die Creditreform. Weitere Informationen zur Datenverarbeitung bei Creditreform erhalten sie unter www.creditreform-bielefeld.de\/EU-DSGVO oder auf Anfrage per E-Mail, Fax oder Post. Die Verarbeitung Ihrer Daten erfolgt insoweit auf der Grundlage von Artikel 6 Abs. 1, f Datenschutzverordnung. Unser Berechtigtes Interesse an der Verarbeitung dieser Daten ergibt sich aus unserem Interesse, f\u00fcr unsere Leistungen der vertraglich geschuldete Gegenleistung (beispielsweise die Verg\u00fctung) zu erhalten.<br><br>Eine Weitergabe von personenbezogenen Daten an Dritte erfolgt nicht, mit Ausnahme von:<br><br>\u00dcbermittlungen an Dritte, welche von uns zur Erf\u00fcllung von Vertrags- und Lieferverh\u00e4ltnissen eingeschaltet werden, beispielsweise an die Zahlungen abwickelnden Bankinstitute sowie an die Lieferungen abwickelnden Transportunternehmen bzw. Versandunternehmen;<br><br>\u00dcbermittlungen an spezialisierte Dienstleister, welche auf unsere Anweisung und unter unserer Verantwortung f\u00fcr uns im Rahmen der vorstehend angegebenen Zwecke Dienstleistungen erbringen (beispielsweise IT-Dienstleister);<br><br>\u00dcbermittlungen an Dritte, zu denen wir gesetzlich verpflichtet sind, beispielsweise an das Finanzamt oder sonstige staatliche Beh\u00f6rden;<br><br>\u00dcbermittlung an Dritte zur Erf\u00fcllung unserer handels- und steuerrechtlichen Pflichten, beispielsweise an unseren Steuerberater.<br><br><br>Eine Daten\u00fcbermittlung in ein Drittlandau\u00dferhalb der Europ\u00e4ischen Union, welches auch nicht Vertragsstaat des Abkommens \u00fcber den Europ\u00e4ischen Wirtschaftsraum ist, erfolgt nur, wenn diese Daten\u00fcbermittlung f\u00fcr die Erf\u00fcllung eines zwischen Ihnen und uns bestehenden Vertrags erforderlich ist.<br><br>Die Verarbeitung Ihrer Daten erfolgt f\u00fcr die Dauer der Anbahnung und der Abwicklung eines Vertrags- oder Lieferverh\u00e4ltnisses und f\u00fcr die Dauer des Fortbestehens von Verpflichtungen aus einem Vertrags- oder Lieferverh\u00e4ltnis, beispielsweise etwaige Gew\u00e4hrleistungs- oder Produkthaftungsverpflichtungen, sowie f\u00fcr die Dauer von handelsrechtlichen bzw. steuer-rechtlichen gesetzlichen Aufbewahrungsfristen.<br><br>Hinsichtlich der Verarbeitung Ihrer Daten f\u00fcr die Dauer f\u00fcr die Dauer von handelsrechtlichen bzw. steuerrechtlichen gesetzlichen Aufbewahrungsfristen erfolgt die Verarbeitung auf der Grundlage von Artikel 6 Abs. 1, c Datenschutzgrundverordnung.<br><br>Sie haben uns gegen\u00fcber gem. Artikel 15 Datenschutzgrundverordnung ein Recht auf Auskunft dar\u00fcber, ob wir Sie betreffende personenbezogene Daten verarbeiten, und gegebenenfalls ein Recht auf Auskunft \u00fcber diese personenbezogenen Daten sowie ein Recht auf insbesondere folgende Informationen \u00fcber diese Daten:<br>a) die Verarbeitungszwecke;<br>b) die Kategorien dieser Daten;<br>c) die Empf\u00e4nger oder Kategorien von Empf\u00e4nger, gegen\u00fcber denen diese Daten offengelegt worden sind oder noch offengelegt werden;<br>d) die geplante Dauer der Speicherung dieser Daten oder, falls dies nicht m\u00f6glich ist, die Kriterien f\u00fcr die Festlegung dieser Dauer.<br><br>Sie haben ferner uns gegen\u00fcber unter den Voraussetzungen des Artikel 16 Datenschutz-grundverordnung ein Recht auf Berichtigung der Sie betreffenden unrichtigen oder unvollst\u00e4ndigen personenbezogenen Daten sowie unter den Voraussetzungen des Artikel 17 Datenschutzgrundverordnung ein Recht auf Einschr\u00e4nkung der Verarbeitung der Sie betreffenden personenbezogenen Daten.<br><br>Sie haben uns gegen\u00fcber gem. Artikel 21 Abs. 1 Datenschutzgrundverordnung das Recht, aus Gr\u00fcnden, die sich aus Ihrer besonderen Situation ergeben, jederzeit gegen die Verarbeitung Sie betreffender personenbezogener Daten, die wir auf der Grundlage von Artikel 6 Abs. 1, e oder f Datenschutzgrundverordnung vornehmen, Widerspruch einzulegen.<br><br>Sie haben uns gegen\u00fcber unter den Voraussetzungen des Artikel 20 Datenschutzgrund-verordnung ein Recht auf Daten\u00fcbertragbarkeit.<br><br>Wenn die Verarbeitung der Sie betreffenden personenbezogenen Daten auf Ihrer Ein-willigung beruht, haben Sie das Recht, die Einwilligung jederzeit zu widerrufen. Die Recht-m\u00e4\u00dfigkeit der aufgrund der Einwilligung bis zum Widerruf erfolgten Verarbeitung wird hierdurch nicht ber\u00fchrt.<\/p>\n<\/div><\/div>\n","protected":false},"excerpt":{"rendered":"<p>Datenschutzinformationf\u00fcr Kunden, Lieferanten, sonstige Gesch\u00e4ftspartner und Interessenten Name und Kontaktdaten des Verantwortlichen im Sinne der Datenschutzgrundverordnung: Paul Pilgrim GmbH &amp; Co. KGEckendorfer Str. 71D \u2013 33609 BielefeldTelefon: +49(0)521 323127Fax: +49(0)521 323129E-Mail: info@pilgrim-gmbh.deWebsite: Pilgrim-GmbH.de Wir weisen darauf hin, dass wir die von uns bei Lieferanten, Kunden, sonstigen Gesch\u00e4ftspartnern und Interessenten erhobenen personenbezogenen Daten, insbesondere Name, Anschrift, [&hellip;]<\/p>\n","protected":false},"author":2,"featured_media":0,"parent":0,"menu_order":0,"comment_status":"closed","ping_status":"closed","template":"","meta":{"_uag_custom_page_level_css":"","_swt_meta_header_display":false,"_swt_meta_footer_display":false,"_swt_meta_site_title_display":false,"_swt_meta_sticky_header":false,"_swt_meta_transparent_header":false,"footnotes":""},"class_list":["post-610","page","type-page","status-publish","hentry"],"uagb_featured_image_src":{"full":false,"thumbnail":false,"medium":false,"medium_large":false,"large":false,"1536x1536":false,"2048x2048":false},"uagb_author_info":{"display_name":"Sascha Pieper","author_link":"https:\/\/staging.pilgrim-gmbh.de\/?author=2"},"uagb_comment_info":0,"uagb_excerpt":"Datenschutzinformationf\u00fcr Kunden, Lieferanten, sonstige Gesch\u00e4ftspartner und Interessenten Name und Kontaktdaten des Verantwortlichen im Sinne der Datenschutzgrundverordnung: Paul Pilgrim GmbH &amp; Co. KGEckendorfer Str. 71D \u2013 33609 BielefeldTelefon: +49(0)521 323127Fax: +49(0)521 323129E-Mail: info@pilgrim-gmbh.deWebsite: Pilgrim-GmbH.de Wir weisen darauf hin, dass wir die von uns bei Lieferanten, Kunden, sonstigen Gesch\u00e4ftspartnern und Interessenten erhobenen personenbezogenen Daten, insbesondere Name, Anschrift,&hellip;","_links":{"self":[{"href":"https:\/\/staging.pilgrim-gmbh.de\/index.php?rest_route=\/wp\/v2\/pages\/610","targetHints":{"allow":["GET"]}}],"collection":[{"href":"https:\/\/staging.pilgrim-gmbh.de\/index.php?rest_route=\/wp\/v2\/pages"}],"about":[{"href":"https:\/\/staging.pilgrim-gmbh.de\/index.php?rest_route=\/wp\/v2\/types\/page"}],"author":[{"embeddable":true,"href":"https:\/\/staging.pilgrim-gmbh.de\/index.php?rest_route=\/wp\/v2\/users\/2"}],"replies":[{"embeddable":true,"href":"https:\/\/staging.pilgrim-gmbh.de\/index.php?rest_route=%2Fwp%2Fv2%2Fcomments&post=610"}],"version-history":[{"count":5,"href":"https:\/\/staging.pilgrim-gmbh.de\/index.php?rest_route=\/wp\/v2\/pages\/610\/revisions"}],"predecessor-version":[{"id":616,"href":"https:\/\/staging.pilgrim-gmbh.de\/index.php?rest_route=\/wp\/v2\/pages\/610\/revisions\/616"}],"wp:attachment":[{"href":"https:\/\/staging.pilgrim-gmbh.de\/index.php?rest_route=%2Fwp%2Fv2%2Fmedia&parent=610"}],"curies":[{"name":"wp","href":"https:\/\/api.w.org\/{rel}","templated":true}]}}